on factor of 15 and 14865?
15
Calculate the greatest common factor of 85 and 345.
5
What is the greatest common divisor of 2235 and 45?
15
What is the greatest common divisor of 585 and 90?
45
What is the greatest common factor of 968 and 12826?
242
Calculate the highest common divisor of 1253 and 203.
7
Calculate the greatest common factor of 4 and 4.
4
Calculate the highest common divisor of 4433 and 572.
143
Calculate the highest common divisor of 294 and 392.
98
What is the greatest common factor of 28 and 2702?
14
What is the greatest common factor of 18 and 1125?
9
What is the highest common divisor of 1001 and 1309?
77
Calculate the highest common factor of 425 and 17.
17
What is the highest common factor of 143 and 44?
11
Calculate the greatest common factor of 22 and 649.
11
What is the greatest common divisor of 390 and 120?
30
Calculate the greatest common divisor of 350 and 14.
14
Calculate the highest common factor of 3900 and 1040.
260
What is the highest common divisor of 28 and 2156?
28
What is the greatest common divisor of 42 and 3213?
21
Calculate the highest common factor of 12 and 24.
12
Calculate the greatest common factor of 470 and 740.
10
Calculate the greatest common divisor of 6 and 4.
2
Calculate the greatest common factor of 24 and 7644.
12
What is the highest common divisor of 32 and 288?
32
What is the greatest common divisor of 9390 and 15?
15
What is the greatest common factor of 994 and 14?
14
What is the greatest common factor of 159 and 8162?
53
Calculate the greatest common factor of 14 and 224.
14
Calculate the greatest common factor of 329 and 35.
7
What is the highest common divisor of 172 and 215?
43
What is the highest common divisor of 125 and 375?
125
Calculate the highest common divisor of 27 and 99.
9
Calculate the highest common divisor of 1 and 47.
1
What is the highest common factor of 2805 and 1485?
165
Calculate the greatest common factor of 15839 and 188.
47
Calculate the greatest common factor of 20 and 1180.
20
What is the greatest common factor of 2790 and 31?
31
What is the highest common factor of 7 and 427?
7
Calculate the highest common divisor of 240 and 15000.
120
Calculate the highest common divisor of 475 and 1000.
25
What is the highest common factor of 120 and 75?
15
Calculate the greatest common divisor of 128 and 32.
32
Calculate the highest common factor of 16 and 1884.
4
Calculate the highest common factor of 432 and 16.
16
Calculate the greatest common divisor of 54 and 36.
18
What is the greatest common factor of 1742 and 130?
26
Calculate the greatest common factor of 35 and 1645.
35
Calculate the highest common factor of 351 and 39.
39
What is the greatest common divisor of 204 and 12750?
102
What is the highest common divisor of 6 and 318?
6
What is the highest common divisor of 185 and 259?
37
What is the highest common divisor of 65 and 10?
5
Calculate the highest common factor of 119 and 17.
17
Calculate the greatest common divisor of 930 and 48.
6
What is the greatest common divisor of 44 and 308?
44
What is the greatest common factor of 70 and 42?
14
Calculate the highest common factor of 45 and 120.
15
What is the greatest common divisor of 1133 and 528?
11
What is the highest common divisor of 48 and 180?
12
Calculate the highest common factor of 162 and 12.
6
What is the greatest common divisor of 21834 and 18?
18
Calculate the highest common divisor of 20159 and 19.
19
Calculate the highest common divisor of 17411 and 69.
23
What is the greatest common divisor of 193 and 37635?
193
Calculate the highest common divisor of 19 and 437.
19
Calculate the highest common divisor of 28 and 408.
4
Calculate the highest common divisor of 2248 and 24.
8
Calculate the greatest common factor of 924 and 36.
12
Calculate the greatest common factor of 9 and 1125.
9
Calculate the greatest common factor of 3920 and 1715.
245
Calculate the highest common divisor of 54 and 2835.
27
What is the highest common factor of 35 and 14?
7
What is the greatest common factor of 6 and 678?
6
Calculate the highest common factor of 68 and 13753.
17
Calculate the greatest common factor of 1863 and 81.
81
What is the highest common factor of 588 and 1036?
28
What is the highest common divisor of 1764 and 462?
42
Calculate the greatest common factor of 12 and 42.
6
What is the highest common divisor of 759 and 69?
69
Calculate the highest common factor of 1050 and 28.
14
Calculate the greatest common factor of 44 and 224.
4
What is the greatest common factor of 13 and 949?
13
What is the greatest common factor of 94 and 16121?
47
What is the greatest common divisor of 5196 and 84?
12
Calculate the highest common divisor of 429 and 8697.
39
Calculate the greatest common divisor of 851 and 1369.
37
What is the greatest common factor of 52 and 572?
52
What is the highest common divisor of 1084 and 8?
4
Calculate the highest common divisor of 640 and 112.
16
Calculate the highest common factor of 70 and 98.
14
Calculate the greatest common factor of 105 and 6405.
105
Calculate the highest common divisor of 166 and 7138.
166
Calculate the greatest common divisor of 170 and 3230.
170
What is the greatest common factor of 43 and 11?
1
What is the highest common divisor of 1400 and 168?
56
Calculate the greatest common divisor of 160 and 15.
5
Calculate the greatest common divisor of 1012 and 44.
44
What is the greatest common factor of 75 and 3575?
25
What is the highest common divisor of 5797 and 187?
187
Calculate the greatest common factor of 2583 and 63.
63
Calculate the greatest common factor of 7 and 1043.
7
Calculate the greatest common divisor of 56 and 364.
28
Calculate the highest common divisor of 2437 and 1.
1
What is the greatest common divisor of 12 and 132?
12
What is the greatest common factor of 130 and 6630?
130
Calculate the highest common factor of 38240 and 239.
239
Calculate the highest common factor of 70 and 670.
10
Calculate the highest common divisor of 1976 and 520.
104
What is the highest common divisor of 64 and 152?
8
What is the greatest common factor of 75 and 71?
1
Calculate the greatest common divisor of 385 and 77.
77
Calculate the highest common factor of 930 and 210.
30
Calculate the greatest common divisor of 86 and 8041.
43
What is the highest common factor of 54 and 144?
18
What is the greatest common factor of 24 and 160?
8
What is the highest common divisor of 46 and 1426?
46
What is the greatest common divisor of 145 and 261?
29
What is the greatest common divisor of 208 and 78?
26
Calculate the greatest common factor of 4352 and 340.
68
What is the greatest common factor of 130 and 585?
65
What is the greatest common divisor of 7 and 1799?
7
Calculate the highest common factor of 920 and 80.
40
Calculate the highest common divisor of 1185 and 15.
15
Calculate the highest common divisor of 7938 and 140.
14
Calculate the highest common divisor of 436 and 8938.
218
What is the greatest common factor of 75 and 195?
15
What is the greatest common factor of 7037 and 31?
31
What is the greatest common factor of 119 and 799?
17
Calculate the highest common divisor of 14176 and 64.
32
Calculate the greatest common divisor of 9 and 5481.
9
Calculate the greatest common factor of 86 and 4214.
86
What is the greatest common factor of 30 and 294?
6
What is the greatest common divisor of 29493 and 174?
87
What is the greatest common divisor of 388 and 679?
97
What is the highest common divisor of 24 and 120?
24
What is the greatest common divisor of 2745 and 63?
9
Calculate the highest common factor of 118 and 413.
59
What is the greatest common factor of 624 and 144?
48
What is the highest common divisor of 20 and 28?
4
Calculate the highest common divisor of 192 and 72.
24
Calculate the greatest common divisor of 132 and 8844.
132
Calculate the highest common divisor of 30442 and 62.
62
What is the greatest common divisor of 6 and 38?
2
Calculate the highest common factor of 189 and 216.
27
Calculate the greatest common factor of 572 and 198.
22
Calculate the greatest common factor of 57 and 3.
3
What is the greatest common divisor of 80 and 2?
2
What is the greatest common factor of 68 and 527?
17
Calculate the greatest common divisor of 63 and 693.
63
What is the gr